{"id":351,"date":"2024-05-03T09:07:12","date_gmt":"2024-05-03T12:07:12","guid":{"rendered":"https:\/\/escoladatamaster.com.br\/alunotransformador\/?page_id=351"},"modified":"2024-05-23T16:52:17","modified_gmt":"2024-05-23T19:52:17","slug":"politica-de-privacidade","status":"publish","type":"page","link":"https:\/\/escoladatamaster.com.br\/alunotransformador\/politica-de-privacidade\/","title":{"rendered":"Pol\u00edtica de Privacidade"},"content":{"rendered":"\t\t<div data-elementor-type=\"wp-page\" data-elementor-id=\"351\" class=\"elementor elementor-351\" data-elementor-post-type=\"page\">\n\t\t\t\t\t\t<section class=\"elementor-section elementor-top-section elementor-element elementor-element-decade9 elementor-section-boxed elementor-section-height-default elementor-section-height-default\" data-id=\"decade9\" data-element_type=\"section\">\n\t\t\t\t\t\t<div class=\"elementor-container elementor-column-gap-default\">\n\t\t\t\t\t<div class=\"elementor-column elementor-col-100 elementor-top-column elementor-element elementor-element-86a1d1d\" data-id=\"86a1d1d\" data-element_type=\"column\">\n\t\t\t<div class=\"elementor-widget-wrap elementor-element-populated\">\n\t\t\t\t\t\t<div class=\"elementor-element elementor-element-9af7f6a elementor-widget elementor-widget-heading\" data-id=\"9af7f6a\" data-element_type=\"widget\" data-widget_type=\"heading.default\">\n\t\t\t\t<div class=\"elementor-widget-container\">\n\t\t\t<style>\/*! elementor - v3.23.0 - 05-08-2024 *\/\n.elementor-heading-title{padding:0;margin:0;line-height:1}.elementor-widget-heading .elementor-heading-title[class*=elementor-size-]>a{color:inherit;font-size:inherit;line-height:inherit}.elementor-widget-heading .elementor-heading-title.elementor-size-small{font-size:15px}.elementor-widget-heading .elementor-heading-title.elementor-size-medium{font-size:19px}.elementor-widget-heading .elementor-heading-title.elementor-size-large{font-size:29px}.elementor-widget-heading .elementor-heading-title.elementor-size-xl{font-size:39px}.elementor-widget-heading .elementor-heading-title.elementor-size-xxl{font-size:59px}<\/style><h2 class=\"elementor-heading-title elementor-size-default\">Pol\u00edtica de Privacidade<\/h2>\t\t<\/div>\n\t\t\t\t<\/div>\n\t\t\t\t<div class=\"elementor-element elementor-element-1bb516c elementor-widget elementor-widget-text-editor\" data-id=\"1bb516c\" data-element_type=\"widget\" data-widget_type=\"text-editor.default\">\n\t\t\t\t<div class=\"elementor-widget-container\">\n\t\t\t<style>\/*! elementor - v3.23.0 - 05-08-2024 *\/\n.elementor-widget-text-editor.elementor-drop-cap-view-stacked .elementor-drop-cap{background-color:#69727d;color:#fff}.elementor-widget-text-editor.elementor-drop-cap-view-framed .elementor-drop-cap{color:#69727d;border:3px solid;background-color:transparent}.elementor-widget-text-editor:not(.elementor-drop-cap-view-default) .elementor-drop-cap{margin-top:8px}.elementor-widget-text-editor:not(.elementor-drop-cap-view-default) .elementor-drop-cap-letter{width:1em;height:1em}.elementor-widget-text-editor .elementor-drop-cap{float:left;text-align:center;line-height:1;font-size:50px}.elementor-widget-text-editor .elementor-drop-cap-letter{display:inline-block}<\/style>\t\t\t\t<p class=\"cvGsUA direction-ltr align-justify para-style-body\"><strong><span class=\"OYPEnA text-decoration-none text-strikethrough-none\">Introdu\u00e7\u00e3o<\/span><\/strong><\/p><p class=\"cvGsUA direction-ltr align-justify para-style-body\"><span class=\"OYPEnA text-decoration-none text-strikethrough-none\">A Data Master tem a \u00c9tica como um de seus valores. Transpar\u00eancia, integridade, valoriza\u00e7\u00e3o do ser humano e o respeito \u00e0s normas e regras da sociedade s\u00e3o partes integrantes de nossas a\u00e7\u00f5es.<\/span><\/p><p class=\"cvGsUA direction-ltr align-justify para-style-body\"><span class=\"OYPEnA text-decoration-none text-strikethrough-none\">Voc\u00ea \u00e9 titular de suas informa\u00e7\u00f5es pessoais e, desta forma, entendemos e respeitamos sua preocupa\u00e7\u00e3o de como utilizamos seus dados pessoais.<\/span><\/p><p class=\"cvGsUA direction-ltr align-justify para-style-body\"><span class=\"OYPEnA text-decoration-none text-strikethrough-none\">A presente Pol\u00edtica de Privacidade tem o objetivo principal de esclarecer quais s\u00e3o as pr\u00e1ticas que a Data Master adota quanto \u00e0s informa\u00e7\u00f5es pessoais e sua privacidade. No caso de d\u00favidas, orientamos que nos contate por meio do formul\u00e1rio de Contato dispon\u00edvel em nosso website.<\/span><\/p><p class=\"cvGsUA direction-ltr align-justify para-style-body\"><strong><span class=\"OYPEnA text-decoration-none text-strikethrough-none\">Direito dos Titulares de Dados Pessoais<\/span><\/strong><\/p><p class=\"cvGsUA direction-ltr align-justify para-style-body\"><span class=\"OYPEnA text-decoration-none text-strikethrough-none\">A privacidade e a prote\u00e7\u00e3o de dados pessoais n\u00e3o \u00e9 novidade em territ\u00f3rio nacional. O tema, no entanto, tomou maior vulto com a promulga\u00e7\u00e3o da Lei 13.709\/2018, de 14 de agosto de 2018, conhecida como Lei Geral de Prote\u00e7\u00e3o de Dados \u2013 LGPD.<\/span><\/p><p class=\"cvGsUA direction-ltr align-justify para-style-body\"><span class=\"OYPEnA text-decoration-none text-strikethrough-none\">A LGPD disp\u00f5e em seu artigo 1\u00ba, refor\u00e7ado em seu artigo 17, que seu principal objetivo \u00e9 proteger os direitos fundamentais de liberdade e de privacidade e o livre desenvolvimento da personalidade da pessoa natural.<\/span><\/p><p class=\"cvGsUA direction-ltr align-justify para-style-body\"><span class=\"OYPEnA text-decoration-none text-strikethrough-none\">O artigo 18 da referida Lei apresenta os Direitos do Titular de Dados, que s\u00e3o:<\/span><\/p><p class=\"cvGsUA direction-ltr align-justify para-style-body\"><span class=\"OYPEnA text-decoration-none text-strikethrough-none\">1. A confirma\u00e7\u00e3o de exist\u00eancia de tratamento de seus dados;<\/span><\/p><p class=\"cvGsUA direction-ltr align-justify para-style-body\"><span class=\"OYPEnA text-decoration-none text-strikethrough-none\">2. Acesso aos seus dados;<\/span><\/p><p class=\"cvGsUA direction-ltr align-justify para-style-body\"><span class=\"OYPEnA text-decoration-none text-strikethrough-none\">3. A corre\u00e7\u00e3o de dados incompletos, inexatos ou desatualizados;<\/span><\/p><p class=\"cvGsUA direction-ltr align-justify para-style-body\"><span class=\"OYPEnA text-decoration-none text-strikethrough-none\">4. A anonimiza\u00e7\u00e3o, o bloqueio ou a elimina\u00e7\u00e3o de dados pessoais desnecess\u00e1rios, excessivos ou tratados em desconformidade com a legisla\u00e7\u00e3o;<\/span><\/p><p class=\"cvGsUA direction-ltr align-justify para-style-body\"><span class=\"OYPEnA text-decoration-none text-strikethrough-none\">5. Portabilidade dos dados a outro fornecedor de servi\u00e7o ou produto, mediante requisi\u00e7\u00e3o expressa, de acordo com a regulamenta\u00e7\u00e3o da autoridade nacional, observados os segredos comercial e industrial;<\/span><\/p><p class=\"cvGsUA direction-ltr align-justify para-style-body\"><span class=\"OYPEnA text-decoration-none text-strikethrough-none\">6. Elimina\u00e7\u00e3o dos dados pessoais tratados com o seu consentimento, resguardadas as exce\u00e7\u00f5es previstas na Lei;<\/span><\/p><p class=\"cvGsUA direction-ltr align-justify para-style-body\"><span class=\"OYPEnA text-decoration-none text-strikethrough-none\">7. Informa\u00e7\u00e3o de quais entidades, p\u00fablicas ou privadas, com as quais um controlador de dados compartilha suas informa\u00e7\u00f5es;<\/span><\/p><p class=\"cvGsUA direction-ltr align-justify para-style-body\"><span class=\"OYPEnA text-decoration-none text-strikethrough-none\">8. Informa\u00e7\u00e3o sobre a possibilidade de n\u00e3o fornecer consentimento e sobre as consequ\u00eancias da negativa;<\/span><\/p><p class=\"cvGsUA direction-ltr align-justify para-style-body\"><span class=\"OYPEnA text-decoration-none text-strikethrough-none\">9. Possibilidade de revoga\u00e7\u00e3o do seu consentimento, resguardada a previs\u00e3o contida na Lei.<\/span><\/p><p class=\"cvGsUA direction-ltr align-justify para-style-body\"><span class=\"OYPEnA text-decoration-none text-strikethrough-none\">Importante destacar que os itens acima guardam compatibilidade com o texto da Lei n\u00e3o sendo, necessariamente, transcri\u00e7\u00e3o exata. A leitura da Lei 13.709\/2018 \u00e9 fundamental para compreens\u00e3o de seus direitos.<\/span><\/p><p class=\"cvGsUA direction-ltr align-justify para-style-body\"><span class=\"OYPEnA text-decoration-none text-strikethrough-none\">No caso de d\u00favidas ou necessidade de exercer seus direitos, orientamos que nos contate por meio do formul\u00e1rio de Contato dispon\u00edvel em nosso website.<\/span><\/p><p class=\"cvGsUA direction-ltr align-justify para-style-body\"><span class=\"OYPEnA text-decoration-none text-strikethrough-none\">A legisla\u00e7\u00e3o tamb\u00e9m estabeleceu a Autoridade Nacional de Prote\u00e7\u00e3o de Dados que auxiliar\u00e1 os titulares de dados a exercerem seus direitos.<\/span><\/p><p class=\"cvGsUA direction-ltr align-justify para-style-body\"><strong><span class=\"OYPEnA text-decoration-none text-strikethrough-none\">Coleta de Dados Pessoais<\/span><\/strong><\/p><p class=\"cvGsUA direction-ltr align-justify para-style-body\"><span class=\"OYPEnA text-decoration-none text-strikethrough-none\">\u00c9 importante voc\u00ea saber quem \u00e9 respons\u00e1vel pela coleta e tratamento de seus dados pessoais.<\/span><\/p><p class=\"cvGsUA direction-ltr align-justify para-style-body\"><span class=\"OYPEnA text-decoration-none text-strikethrough-none\">As informa\u00e7\u00f5es pessoais coletadas, por qualquer meio ou tecnologia, pela Data Master ter\u00e1 como agente controlador e respons\u00e1vel pelas empresas A.Silva da Silva &#8211; ME, inscritas no CNPJ sob os n\u00fameros 27.346.457\/0001-09, com endere\u00e7o na Rua Quinze de Novembro, 904, Centro, Itaqui \/ RS, CEP: 97650-000.<\/span><\/p><p class=\"cvGsUA direction-ltr align-justify para-style-body\"><strong><span class=\"OYPEnA text-decoration-none text-strikethrough-none\">Dados Pessoais Coletados<\/span><\/strong><\/p><p class=\"cvGsUA direction-ltr align-justify para-style-body\"><span class=\"OYPEnA text-decoration-none text-strikethrough-none\">A LGPD disp\u00f5e que dado pessoal \u00e9 qualquer informa\u00e7\u00e3o que identifique ou possa a vir identificar um titular de dados, ou seja, pessoa natural. Desta forma.<\/span><\/p><p class=\"cvGsUA direction-ltr align-justify para-style-body\"><span class=\"OYPEnA text-decoration-none text-strikethrough-none\">A Data Master solicita os dados pessoais necess\u00e1rios ao estabelecimento de acordos comerciais, elabora\u00e7\u00e3o de contratos, efetiva presta\u00e7\u00e3o de servi\u00e7os e \u00e0 melhoria da experi\u00eancia com a unidade de neg\u00f3cio que lhe atende diretamente.<\/span><\/p><p class=\"cvGsUA direction-ltr align-justify para-style-body\"><span class=\"OYPEnA text-decoration-none text-strikethrough-none\">Tais informa\u00e7\u00f5es s\u00e3o solicitadas diretamente \u00e0s pessoas e\/ou podem ser coletadas automaticamente por meio de contato via digital.<\/span><\/p><p class=\"cvGsUA direction-ltr align-justify para-style-body\"><span class=\"OYPEnA text-decoration-none text-strikethrough-none\">Importante destacar que o titular de dados n\u00e3o tem a obrigatoriedade de nos fornecer nenhuma informa\u00e7\u00e3o, entretanto, a negativa poder\u00e1 impedir a oferta de um produto e\/ou servi\u00e7o ou, ainda, ofuscar a qualidade da presta\u00e7\u00e3o de servi\u00e7os.<\/span><\/p><p class=\"cvGsUA direction-ltr align-justify para-style-body\"><strong><span class=\"OYPEnA text-decoration-none text-strikethrough-none\">Finalidade e Tratamento<\/span><\/strong><\/p><p class=\"cvGsUA direction-ltr align-justify para-style-body\"><span class=\"OYPEnA text-decoration-none text-strikethrough-none\">A Data Master coleta seus dados pessoais com os principais objetivos de:<\/span><\/p><p class=\"cvGsUA direction-ltr align-justify para-style-body\"><span class=\"OYPEnA text-decoration-none text-strikethrough-none\">1. Proporcionar \u00e0s pessoas uma experi\u00eancia de excel\u00eancia, com melhoria cont\u00ednua;<\/span><\/p><p class=\"cvGsUA direction-ltr align-justify para-style-body\"><span class=\"OYPEnA text-decoration-none text-strikethrough-none\">2. Atendimento \u00e0s obriga\u00e7\u00f5es legais.<\/span><\/p><p class=\"cvGsUA direction-ltr align-justify para-style-body\"><span class=\"OYPEnA text-decoration-none text-strikethrough-none\">O detalhamento dos objetivos inclui:<\/span><\/p><p class=\"cvGsUA direction-ltr align-justify para-style-body\"><span class=\"OYPEnA text-decoration-none text-strikethrough-none\">a. Desenvolvimento de produtos e servi\u00e7os personalizados;<\/span><\/p><p class=\"cvGsUA direction-ltr align-justify para-style-body\"><span class=\"OYPEnA text-decoration-none text-strikethrough-none\">b. Desenvolvimento e aperfei\u00e7oamento de produtos e servi\u00e7os gerais, no \u00e2mbito de atendimento das unidades de neg\u00f3cio;<\/span><\/p><p class=\"cvGsUA direction-ltr align-justify para-style-body\"><span class=\"OYPEnA text-decoration-none text-strikethrough-none\">c. Identifica\u00e7\u00e3o das pessoas que nos contatam por meios telem\u00e1ticos;<\/span><\/p><p class=\"cvGsUA direction-ltr align-justify para-style-body\"><span class=\"OYPEnA text-decoration-none text-strikethrough-none\">d. Estabelecimento de acordo comercial com o estrito cumprimento legal;<\/span><\/p><p class=\"cvGsUA direction-ltr align-justify para-style-body\"><span class=\"OYPEnA text-decoration-none text-strikethrough-none\">e. Oferta de produtos e servi\u00e7os com comunica\u00e7\u00e3o personalizada;<\/span><\/p><p class=\"cvGsUA direction-ltr align-justify para-style-body\"><span class=\"OYPEnA text-decoration-none text-strikethrough-none\">f. Compreens\u00e3o das necessidades do universo de clientes e potenciais clientes;<\/span><\/p><p class=\"cvGsUA direction-ltr align-justify para-style-body\"><span class=\"OYPEnA text-decoration-none text-strikethrough-none\">g. Acompanhamento da conta de pagamentos\/recebimentos existente da presta\u00e7\u00e3o de servi\u00e7os e\/ou venda de produtos;<\/span><\/p><p class=\"cvGsUA direction-ltr align-justify para-style-body\"><span class=\"OYPEnA text-decoration-none text-strikethrough-none\">h. Atendimento \u00e0s necessidades e\/ou demanda dos clientes;<\/span><\/p><p class=\"cvGsUA direction-ltr align-justify para-style-body\"><span class=\"OYPEnA text-decoration-none text-strikethrough-none\">i. Gest\u00e3o dos neg\u00f3cios da organiza\u00e7\u00e3o empresarial;<\/span><\/p><p class=\"cvGsUA direction-ltr align-justify para-style-body\"><span class=\"OYPEnA text-decoration-none text-strikethrough-none\">j. Prestar, quando o caso, a garantia contratual do produto e\/ou servi\u00e7o comercializado;<\/span><\/p><p class=\"cvGsUA direction-ltr align-justify para-style-body\"><span class=\"OYPEnA text-decoration-none text-strikethrough-none\">k. Elabora\u00e7\u00e3o de campanhas e promo\u00e7\u00f5es espec\u00edficas e personalizadas.<\/span><\/p><p class=\"cvGsUA direction-ltr align-justify para-style-body\"><span class=\"OYPEnA text-decoration-none text-strikethrough-none\">No caso de d\u00favidas, orientamos que nos contate por meio do formul\u00e1rio de Contato dispon\u00edvel em nosso website.<\/span><\/p><p class=\"cvGsUA direction-ltr align-justify para-style-body\"><strong><span class=\"OYPEnA text-decoration-none text-strikethrough-none\">Compartilhamento de Dados Pessoais<\/span><\/strong><\/p><p class=\"cvGsUA direction-ltr align-justify para-style-body\"><span class=\"OYPEnA text-decoration-none text-strikethrough-none\">O seu dado pessoal \u00e9 compartilhado, essencialmente, para:<\/span><\/p><ul><li><span class=\"OYPEnA text-decoration-none text-strikethrough-none\">Determina\u00e7\u00e3o legal: cumprimento de pedido de autoridade oficial competente.<\/span><\/li><li><span class=\"OYPEnA text-decoration-none text-strikethrough-none\">Fornecedores: para o estrito cumprimento dos acordos comerciais para presta\u00e7\u00e3o de servi\u00e7os e\/ou venda\/entrega de produtos.<\/span><\/li><\/ul><p class=\"cvGsUA direction-ltr align-justify para-style-body\"><span class=\"OYPEnA text-decoration-none text-strikethrough-none\">No caso de d\u00favidas, orientamos que nos contate por meio do formul\u00e1rio de Contato dispon\u00edvel em nosso website.<\/span><\/p><p class=\"cvGsUA direction-ltr align-justify para-style-body\"><strong><span class=\"OYPEnA text-decoration-none text-strikethrough-none\">Prote\u00e7\u00e3o dos Dados Pessoais<\/span><\/strong><\/p><p class=\"cvGsUA direction-ltr align-justify para-style-body\"><span class=\"OYPEnA text-decoration-none text-strikethrough-none\">A Data Master investe na seguran\u00e7a de dados pessoais. Tais investimentos incluem: ferramentas de tecnologias; metodologias de qualidade e seguran\u00e7a; melhoria cont\u00ednua dos procedimentos operacionais e gerenciais; programa de compliance; treinamento e engajamento de pessoas.<\/span><\/p><p class=\"cvGsUA direction-ltr align-justify para-style-body\"><span class=\"OYPEnA text-decoration-none text-strikethrough-none\">O acesso aos dados pessoais \u00e9 restrito aos funcion\u00e1rios da organiza\u00e7\u00e3o empresarial e para aqueles que em estrita necessidade de atividades profissionais precisem do acesso; neste \u00faltimo caso, quando terceiros, importante destacar a prote\u00e7\u00e3o jur\u00eddica por meio de cl\u00e1usulas contratuais de sigilo e confidencialidade.<\/span><\/p><p class=\"cvGsUA direction-ltr align-justify para-style-body\"><span class=\"OYPEnA text-decoration-none text-strikethrough-none\">Visamos, sempre, atender aos pilares da seguran\u00e7a da informa\u00e7\u00e3o de: confidencialidade, integridade, disponibilidade, n\u00e3o rep\u00fadio e autenticidade.<\/span><\/p><p class=\"cvGsUA direction-ltr align-justify para-style-body\"><strong><span class=\"OYPEnA text-decoration-none text-strikethrough-none\">Tempo de Armazenamento de Dados Pessoais<\/span><\/strong><\/p><p class=\"cvGsUA direction-ltr align-justify para-style-body\"><span class=\"OYPEnA text-decoration-none text-strikethrough-none\">As informa\u00e7\u00f5es pessoais que coletamos s\u00e3o armazenadas com os seguintes objetivos:<\/span><\/p><p class=\"cvGsUA direction-ltr align-justify para-style-body\"><span class=\"OYPEnA text-decoration-none text-strikethrough-none\">1. Proporcionar \u00e0s pessoas uma experi\u00eancia de excel\u00eancia, com melhoria cont\u00ednua;<\/span><\/p><p class=\"cvGsUA direction-ltr align-justify para-style-body\"><span class=\"OYPEnA text-decoration-none text-strikethrough-none\">2. Atendimento \u00e0s obriga\u00e7\u00f5es legais;<\/span><\/p><p class=\"cvGsUA direction-ltr align-justify para-style-body\"><span class=\"OYPEnA text-decoration-none text-strikethrough-none\">Os dados pessoais ser\u00e3o anonimizados ou definitivamente apagados quando cumprido os objetivos para os quais foram coletados. A atividade de revis\u00e3o de necessidade de manuten\u00e7\u00e3o dos dados pessoais coletados ser\u00e1 realizada anualmente.<\/span><\/p><p class=\"cvGsUA direction-ltr align-justify para-style-body\"><strong><span class=\"OYPEnA text-decoration-none text-strikethrough-none\">Contato<\/span><\/strong><\/p><p class=\"cvGsUA direction-ltr align-justify para-style-body\"><span class=\"OYPEnA text-decoration-none text-strikethrough-none\">A Data Master, em cumprimento \u00e0 legisla\u00e7\u00e3o brasileira que versa sobre prote\u00e7\u00e3o de dados, nomeou um Encarregado de Prote\u00e7\u00e3o de Dados que poder\u00e1 ser contatado, por correspond\u00eancia ou pelo e-mail abaixo citados:<\/span><\/p><p class=\"cvGsUA direction-ltr align-justify para-style-body\"><span class=\"OYPEnA text-decoration-none text-strikethrough-none\">Endere\u00e7o: Rua Quinze de Novembro, 904<\/span><\/p><p class=\"cvGsUA direction-ltr align-justify para-style-body\"><span class=\"OYPEnA text-decoration-none text-strikethrough-none\">Bairro: Centro<\/span><\/p><p class=\"cvGsUA direction-ltr align-justify para-style-body\"><span class=\"OYPEnA text-decoration-none text-strikethrough-none\">Cidade: Itaqui \/ RS<\/span><\/p><p class=\"cvGsUA direction-ltr align-justify para-style-body\"><span class=\"OYPEnA text-decoration-none text-strikethrough-none\">CEP: 97650-000 E-MAIL: contato@escoladatamastercom.br.<\/span><\/p><p class=\"cvGsUA direction-ltr align-justify para-style-body\"><span class=\"OYPEnA text-decoration-none text-strikethrough-none\">D\u00favidas sobre a Pol\u00edtica de Privacidade ou sobre o tratamento de seus dados, bem como reclama\u00e7\u00f5es, dever\u00e3o ser encaminhadas ao Encarregado de Prote\u00e7\u00e3o de Dados para que possamos realizar todos os levantamentos necess\u00e1rios e fornecer uma resposta no prazo m\u00e1ximo de 15(quinze) dias.<\/span><\/p><p class=\"cvGsUA direction-ltr align-justify para-style-body\"><span class=\"OYPEnA text-decoration-none text-strikethrough-none\">Esta pol\u00edtica foi elaborada em 27 de janeiro\/2024, e teve sua \u00faltima altera\u00e7\u00e3o em 27 de janeiro de 2024.<\/span><\/p><p class=\"cvGsUA direction-ltr align-justify para-style-body\">\u00a0<\/p>\t\t\t\t\t\t<\/div>\n\t\t\t\t<\/div>\n\t\t\t\t\t<\/div>\n\t\t<\/div>\n\t\t\t\t\t<\/div>\n\t\t<\/section>\n\t\t\t\t<section class=\"elementor-section elementor-top-section elementor-element elementor-element-618617b elementor-section-content-middle elementor-section-boxed elementor-section-height-default elementor-section-height-default\" data-id=\"618617b\" data-element_type=\"section\" data-settings=\"{&quot;background_background&quot;:&quot;classic&quot;}\">\n\t\t\t\t\t\t<div class=\"elementor-container elementor-column-gap-default\">\n\t\t\t\t\t<div class=\"elementor-column elementor-col-50 elementor-top-column elementor-element elementor-element-8284fac\" data-id=\"8284fac\" data-element_type=\"column\">\n\t\t\t<div class=\"elementor-widget-wrap elementor-element-populated\">\n\t\t\t\t\t\t<div class=\"elementor-element elementor-element-c17a324 elementor-widget elementor-widget-image\" data-id=\"c17a324\" data-element_type=\"widget\" data-widget_type=\"image.default\">\n\t\t\t\t<div class=\"elementor-widget-container\">\n\t\t\t<style>\/*! elementor - v3.23.0 - 05-08-2024 *\/\n.elementor-widget-image{text-align:center}.elementor-widget-image a{display:inline-block}.elementor-widget-image a img[src$=\".svg\"]{width:48px}.elementor-widget-image img{vertical-align:middle;display:inline-block}<\/style>\t\t\t\t\t\t\t\t\t\t<img fetchpriority=\"high\" decoding=\"async\" width=\"800\" height=\"164\" src=\"https:\/\/escoladatamaster.com.br\/alunotransformador\/wp-content\/uploads\/2022\/11\/Logo-branco2-1024x210.png\" class=\"attachment-large size-large wp-image-486\" alt=\"\" srcset=\"https:\/\/escoladatamaster.com.br\/alunotransformador\/wp-content\/uploads\/2022\/11\/Logo-branco2-1024x210.png 1024w, https:\/\/escoladatamaster.com.br\/alunotransformador\/wp-content\/uploads\/2022\/11\/Logo-branco2-300x62.png 300w, https:\/\/escoladatamaster.com.br\/alunotransformador\/wp-content\/uploads\/2022\/11\/Logo-branco2-768x158.png 768w, https:\/\/escoladatamaster.com.br\/alunotransformador\/wp-content\/uploads\/2022\/11\/Logo-branco2.png 1032w\" sizes=\"(max-width: 800px) 100vw, 800px\" \/>\t\t\t\t\t\t\t\t\t\t\t\t\t<\/div>\n\t\t\t\t<\/div>\n\t\t\t\t\t<\/div>\n\t\t<\/div>\n\t\t\t\t<div class=\"elementor-column elementor-col-50 elementor-top-column elementor-element elementor-element-917eb1a\" data-id=\"917eb1a\" data-element_type=\"column\">\n\t\t\t<div class=\"elementor-widget-wrap elementor-element-populated\">\n\t\t\t\t\t\t<div class=\"elementor-element elementor-element-6a32ba7 elementor-widget elementor-widget-text-editor\" data-id=\"6a32ba7\" data-element_type=\"widget\" data-widget_type=\"text-editor.default\">\n\t\t\t\t<div class=\"elementor-widget-container\">\n\t\t\t\t\t\t\t<p class=\"cvGsUA direction-ltr align-justify para-style-body\"><span class=\"OYPEnA text-decoration-none text-strikethrough-none\">H\u00e1 22 anos<br \/><\/span><span class=\"OYPEnA text-decoration-none text-strikethrough-none\">transformando vidas!<\/span><\/p>\t\t\t\t\t\t<\/div>\n\t\t\t\t<\/div>\n\t\t\t\t\t<\/div>\n\t\t<\/div>\n\t\t\t\t\t<\/div>\n\t\t<\/section>\n\t\t\t\t<\/div>\n\t\t","protected":false},"excerpt":{"rendered":"<p>Pol\u00edtica de Privacidade Introdu\u00e7\u00e3o A Data Master tem a \u00c9tica como um de seus valores. Transpar\u00eancia, integridade, valoriza\u00e7\u00e3o do ser humano e o respeito \u00e0s normas e regras da sociedade s\u00e3o partes integrantes de nossas a\u00e7\u00f5es. Voc\u00ea \u00e9 titular de suas informa\u00e7\u00f5es pessoais e, desta forma, entendemos e respeitamos sua preocupa\u00e7\u00e3o de como utilizamos seus [&hellip;]<\/p>\n","protected":false},"author":1,"featured_media":0,"parent":0,"menu_order":0,"comment_status":"closed","ping_status":"closed","template":"elementor_canvas","meta":{"footnotes":""},"class_list":["post-351","page","type-page","status-publish","hentry"],"_links":{"self":[{"href":"https:\/\/escoladatamaster.com.br\/alunotransformador\/wp-json\/wp\/v2\/pages\/351","targetHints":{"allow":["GET"]}}],"collection":[{"href":"https:\/\/escoladatamaster.com.br\/alunotransformador\/wp-json\/wp\/v2\/pages"}],"about":[{"href":"https:\/\/escoladatamaster.com.br\/alunotransformador\/wp-json\/wp\/v2\/types\/page"}],"author":[{"embeddable":true,"href":"https:\/\/escoladatamaster.com.br\/alunotransformador\/wp-json\/wp\/v2\/users\/1"}],"replies":[{"embeddable":true,"href":"https:\/\/escoladatamaster.com.br\/alunotransformador\/wp-json\/wp\/v2\/comments?post=351"}],"version-history":[{"count":64,"href":"https:\/\/escoladatamaster.com.br\/alunotransformador\/wp-json\/wp\/v2\/pages\/351\/revisions"}],"predecessor-version":[{"id":536,"href":"https:\/\/escoladatamaster.com.br\/alunotransformador\/wp-json\/wp\/v2\/pages\/351\/revisions\/536"}],"wp:attachment":[{"href":"https:\/\/escoladatamaster.com.br\/alunotransformador\/wp-json\/wp\/v2\/media?parent=351"}],"curies":[{"name":"wp","href":"https:\/\/api.w.org\/{rel}","templated":true}]}}